f - 45331. Determine m(11).
0
Let a(c) = -c**2 + 87*c - 713. Calculate a(34).
1089
Let c(r) = -13*r + 219. What is c(10)?
89
Let d(l) = 13*l**3 - 250*l**2 + 929*l + 325. Give d(14).
3
Let h(v) = -v**3 + 313*v**2 - 27*v - 185030. What is h(311)?
15
Let u(i) = 3601*i - 21578. What is u(6)?
28
Let a(v) = 5*v**3 - 894*v**2 + 1595*v - 342. Determine a(177).
12
Let i(g) = -193*g**2 - 6920*g + 1005. Give i(-36).
-3
Let l(c) = -478*c - 257238. Give l(-538).
-74
Let u(z) = z**2 - 913*z - 164328. What is u(-154)?
-10
Let k(b) = 134*b + 620. Calculate k(0).
620
Let g(p) = p**3 + 26*p**2 + 851*p + 25378. Determine g(-28).
-18
Let h(w) = -w**3 - 316*w**2 - 7545*w - 1453. Determine h(-290).
-3
Let h(s) = -s**2 + 42*s + 4006. What is h(88)?
-42
Let k(h) = 12*h**2 - 115*h + 38. Calculate k(13).
571
Let f(v) = 22497*v - 269886. Calculate f(12).
78
Let v(g) = -2*g**2 - 16*g + 92. Determine v(-13).
-38
Let j(c) = -81*c**2 - 652*c - 42. Determine j(-8).
-10
Let l(i) = -i**3 - 31*i**2 - 34*i + 68. Calculate l(-30).
188
Let m(y) = -12*y**2 - 980*y + 747. What is m(-81)?
1395
Let r(i) = -i**3 + 58*i**2 - 216*i - 274. What is r(53)?
2323
Let s(u) = -14*u**2 + 330712*u - 661417. Calculate s(2).
-49
Let n(y) = 3*y**3 - 1330*y**2 + 1803*y - 15473. What is n(442)?
-3
Let j(d) = 22649*d - 181180. Calculate j(8).
12
Let i(v) = v**2 - 12*v - 40907. Determine i(-198).
673
Let w(s) = s**3 + 81*s**2 - 1205*s - 275. Calculate w(13).
-54
Let i(f) = -14095*f - 225521. Calculate i(-16).
-1
Let w(v) = v**2 + 91*v + 2140. Determine w(-41).
90
Let f(d) = -2*d**2 + 25*d + 13059. Determine f(-75).
-66
Let h(p) = -p**3 + 12*p**2 + 422*p - 986. What is h(26)?
522
Let v(z) = z**3 - 9*z**2 + 17130*z - 119833. Calculate v(7).
-21
Let g(u) = -6*u**3 - 3*u**2 - 79*u - 331. Give g(-7).
2133
Let s(a) = -2*a**3 + 5*a**2 + 2925*a + 50. Calculate s(-37).
-24
Let d(a) = 368*a + 38394. Give d(-104).
122
Let w(s) = 1249*s**3 - 3*s**2 - 509*s - 507. What is w(-1)?
-1250
Let g(v) = -9417*v + 6524. Calculate g(0).
6524
Let w(q) = 5*q**2 - 326*q - 11268. Calculate w(-25).
7
Let q(g) = 12*g**3 + 348*g**2 + 122*g + 3486. Calculate q(-29).
-52
Let n(l) = l**3 - 11*l**2 - 94*l + 906. Determine n(10).
-134
Let v(w) = -2697*w - 152109. Determine v(-56).
-1077
Let k(r) = 45*r**3 - 30*r**2 + 166*r - 202. Determine k(4).
2862
Let r(g) = 3*g**2 + 11056*g + 198067. Give r(-18).
31
Let f(t) = -t**2 - 302*t - 3210. Determine f(-291).
-9
Let k(p) = 7703*p - 92571. Give k(12).
-135
Let x(s) = -2*s**2 + 5900*s + 35404. What is x(-6)?
-68
Let j(x) = 7*x**2 + 83*x - 482. Determine j(-16).
-18
Let n(g) = -3*g**2 - 345*g - 3969. Calculate n(-13).
9
Let k(g) = 60*g**2 + 9608*g + 19216. Calculate k(-2).
240
Let j(a) = 16*a**2 + 2099*a + 46450. Calculate j(-103).
-3
Let s(n) = 122*n**2 + 2391*n + 2274. Determine s(-1).
5
Let y(n) = -23*n**2 - 2740*n - 234. Give y(-119).
123
Let v(d) = 3*d**2 + 179*d + 3404. Determine v(-41).
1108
Let v(w) = 26*w**2 + 603*w - 593. Determine v(-19).
-2664
Let y(u) = -u**3 + 62*u**2 - 367*u + 162. Give y(6).
-24
Let b(f) = 12*f**3 - 7*f**2 - 345*f - 39. What is b(-5)?
11
Let p(o) = -2*o**2 + 163*o - 281. What is p(83)?
-530
Let y(f) = -2*f**3 + 25*f**2 + 56*f - 47. Give y(16).
-943
Let i(f) = -489*f - 17543. What is i(-36)?
61
Let j(u) = -280*u + 10125. Calculate j(39).
-795
Let m(t) = -24207*t + 96835. Determine m(4).
7
Let b(x) = 3*x**2 - 1296. Determine b(21).
27
Let i(d) = 2742*d + 759525. Determine i(-277).
-9
Let b(g) = -g**2 + 103*g + 772. Determine b(110).
2
Let t(h) = -6*h**2 - 136*h + 143. Calculate t(-28).
-753
Let q(i) = i**3 - 56*i**2 + 794*i - 207. What is q(28)?
73
Let q(h) = 5*h**3 - 85*h**2 + 634*h + 8. What is q(8)?
2200
Let m(i) = 4592*i + 757679. Give m(-165).
-1
Let l(b) = b**3 + 712*b**2 - 3513*b + 9. Give l(5).
369
Let g(j) = -125*j + 15103. Calculate g(122).
-147
Let c(h) = h**3 - 27*h**2 - 1874*h + 4481. Give c(58).
73
Let c(p) = -14*p**2 - 10168*p - 80442. Calculate c(-8).
6
Let i(z) = 1223903*z + 7343434. Calculate i(-6).
16
Let l(q) = 31*q**3 - q**2 + 2*q - 397. Determine l(0).
-397
Let k(i) = -11*i**3 - i**2 - 1799*i + 1798. Determine k(1).
-13
Let c(i) = 18145*i - 163702. Calculate c(9).
-397
Let n(a) = 3*a**2 + 576*a - 10689. Calculate n(-209).
-30
Let m(u) = u**3 + 9*u**2 - 88*u - 188. Calculate m(7).
-20
Let y(q) = -q**3 + 416*q**2 - 37182*q + 290. Determine y(130).
30
Let q(f) = -123*f**2 + 3578*f - 68. What is q(29)?
251
Let s(m) = -109*m + 6846. What is s(53)?
1069
Let x(j) = j**2 - 2791*j + 115442. Give x(42).
-16
Let l(x) = -121749*x + 8644174. What is l(71)?
-5
Let i(a) = 3*a**3 - 259*a**2 + 366*a + 353. What is i(85)?
2563
Let u(n) = -89*n**2 - 10564*n + 21129. Give u(2).
-355
Let z(s) = s**3 - 13*s**2 - 19*s + 327. Give z(11).
-124
Let g(f) = 60*f**3 - 7*f**2 + 26*f + 32. Calculate g(-1).
-61
Let y(z) = -28213*z - 112840. Calculate y(-4).
12
Let k(i) = -i**2 - 137*i - 4270. Calculate k(-60).
350
Let y(s) = -s**3 + 73*s**2 - 1254*s + 171. Give y(32).
2027
Let w(k) = 3178*k**2 - 54029*k + 110. Determine w(17).
59
Let p(z) = 1750*z - 477742. Give p(273).
8
Let q(g) = -g**2 + 30018*g - 510014. Calculate q(17).
3
Let s(l) = -2879*l - 34338. What is s(-12)?
210
Let h(s) = -2*s**3 - 1028*s**2 - 13022*s + 1251. Determine h(-501).
-753
Let y(j) = 11472*j + 12304. Give y(-1).
832
Let u(a) = 208839*a - 1670708. Give u(8).
4
Let i(x) = -2658*x + 42330. Determine i(16).
-198
Let j(i) = -158617*i + 4123995. Determine j(26).
-47
Let o(q) = -39385*q + 157413. Determine o(4).
-127
Let d(b) = 88*b**2 - 245*b + 161. Calculate d(2).
23
Let i(x) = -x**3 + 7*x**2 - 1258*x + 18996. Give i(14).
12
Let i(t) = t**3 + 309*t**2 - 58799*t + 1788. Give i(133).
59
Let q(d) = 6*d**3 - 781*d**2 + 170*d - 5277. Give q(130).
-77
Let t(m) = m**3 - 31*m**2 + 325*m - 9769. Determine t(31).
306
Let o(c) = -60131*c - 11845795. Give o(-197).
12
Let g(x) = 351*x**2 + 5947*x + 60. Calculate g(-17).
400
Let s(n) = -102*n**2 + 580*n + 2296. What is s(-4)?
-1656
Let m(v) = -v**3 - 79*v**2 + 3604*v + 89. Determine m(32).
1753
Let u(i) = 11263*i - 450276. What is u(40)?
244
Let d(h) = -2*h**3 + 10*h**2 + 135*h - 142. What is d(11)?
-109
Let v(m) = -3181416*m - 3181410. Give v(-1).
6
Let l(n) = -2168*n + 871578. Give l(402).
42
Let s(z) = -2004*z + 2593. What is s(1)?
589
Let o(h) = 387*h**2 - 2720*h + 2376. Give o(6).
-12
Let r(g) = -122*g**2 + 1222*g - 4890. Give r(4).
-1954
Let g(x) = -931*x**2 - 4985*x - 6251. Calculate g(-2).
-5
Let n(v) = -6*v**2 + 60*v + 1032. Calculate n(-9).
6
Let z(m) = 14*m**3 + 159*m**2 + 10*m + 7. Give z(-11).
502
Let s(d) = 56128*d + 1178689. Determine s(-21).
1
Let b(y) = 6*y**2 - 227*y + 575. Determine b(39).
848
Let l(p) = -18*p**3 - 109*p**2 - 511*p - 3153. What is l(-6)?
-123
Let n(l) = l**2 - 627*l + 63532. Calculate n(500).
32
Let u(w) = -w**2 - 35*w + 1197. What is u(-75)?
-1803
Let b(v) = 4209*v + 8493. Give b(-2).
75
Let m(k) = -588*k - 120510. What is m(-205)?
30
Let g(f) = -f**2 + 538*f - 20303. What is g(41)?
74
Let f(u) = u**3 - 50*u**2 - 180*u - 12487. Give f(57).
-4
Let w(d) = -86301*d + 776710. Calculate w(9).
1
Let r(s) = -22*s**2 + 185*s + 1433. Determine r(12).
485
Let f(v) = -6*v**2 + 128*v + 2877. Give f(35).
7
Let p(g) = -6*g**3 - 12*g**2 + 11*g - 16. Calculate p(-6).
782
Let r(b) = -2865*b - 323930. Give r(-113).
-185
Let l(m) = -371*m - 2001. Calculate l(-7).
596
Let d(u) = -6031*u - 138722. Calculate d(-23).
-9
Let f(d) = -d**3 - 1137*d**2 - 2022*d + 281487. Give f(-1135).
7
Let i(o) = 83*o**3 + o**2 - 49*o - 162. Give i(-3).
-2247
Let q(o) = 3*o**3 - 725*o**2 - 276*o + 8190. What is q(242)?
-38
Let x(n) = n**2 - 25*n - 211. Give x(38).
283
Let v(o) = -o**3 - 995*o**2 + 14139*o + 13011. Determine v(-1009).
-106
Let c(g) = -2*g**2 + 259*g + 39468. Calculate c(-90).
-42
Let w(b) = -2*b**2 - 167*b + 612. Give w(-87).
3
Let b(c) = 255*c**2 - 220062*c - 2576. What is b(863)?
13
Let f(y) = 7811*y - 93780. Give f(12).
-48
Let w(y) = -8791*y - 87930. Give w(-10).
-20
Let q(l) = -22439*l - 110713. Determine q(-5).
1482
Let w(c) = -c**2 - 2458*c + 19720. Give w(8).
-8
Let m(w) = 11*w**2 + 1275*w - 123. What is m(-116)?
-7
Let r(x) = 285692*x + 53. What is r(0)?
53
Let d(n) = -n**3 - 2778*n**2 - 1245392*n + 9. Give d(-562).
9
Let p(w) = 2944*w + 2883. De